q(n) = v - n**2 - 23 + 11*n**3 + 11. Determine q(i).
-12
Let o(n) be the first derivative of 6*n**3 - n**2/2 + n - 21540. Let k be -1*(6/3 + 3). Let t(d) = -d - 4. Let f be t(k). Calculate o(f).
18
Let p(j) be the second derivative of j**4/4 - 11*j**3/2 + 39*j**2/2 + j + 3973. What is p(12)?
75
Let a(w) be the second derivative of w**4/12 - 13*w**3/6 + 5*w**2 - 1172*w. Determine a(9).
-26
Let m(j) = 8*j**3 + 22*j**2 + 15*j + 8. Let q(t) = 5*t**3 + 11*t**2 + 8*t + 4. Let u(p) = 3*m(p) - 5*q(p). Calculate u(11).
59
Let v(s) be the second derivative of -s**4/6 + 5*s**3/6 - 3*s**2 + 5*s - 88. Give v(1).
-3
Let m = -8630 - -8633. Let l(c) be the first derivative of -5 - 3*c**2 + c - 4/3*c**m + 1/4*c**4. What is l(5)?
-4
Let t(g) be the first derivative of -g**3/3 + 7*g**2/2 + g + 256. Let u(a) = 25*a**2 + 25*a**2 - a - 54*a**2 + 12*a**2. Let f be u(-1). What is t(f)?
-17
Let c(m) = -m**3 + 5*m**2 + 36*m + 5. Let i be c(9). Let y(s) be the first derivative of 4*s**2 + i - 1/3*s**3 + 3*s. Determine y(9).
-6
Let u(h) = h**3 - 54*h**2 + 372*h - 176. Let n be u(46). Let r(s) = s**3 - 5*s**2 - 35*s. Give r(n).
-88
Let p(f) = f**3 + 5*f**2 - 7*f - 4. Let b be p(-6). Suppose 0 + b = x. Let d(k) = -16*k**2 + 8*k**2 - 2*k + 3*k**2 + 7*k**2 + 0*k**2 + 1. Determine d(x).
5
Let t(m) = -2*m**3 + 37*m**2 + 23*m - 34. Let z(r) = r**3 - 18*r**2 - 9*r + 17. Let n(o) = 3*t(o) + 5*z(o). Calculate n(22).
27
Let p(t) be the third derivative of -17*t**4/8 - t**3 - 8*t**2 - 133*t. Give p(2).
-108
Let r(c) = -c**2 - 3*c - 8. Suppose -365*p - 1762 = 144*p - 235. Calculate r(p).
-8
Let k(a) = 2*a - 12. Let w be k(0). Let d(n) = -13*n - 16. Let u(y) = -5*y - 6. Let i(q) = 3*d(q) - 8*u(q). Calculate i(w).
-12
Let w(x) = 29*x - 167. Let t(r) = 83*r - 334. Let d(o) = 2*t(o) - 5*w(o). What is d(-8)?
-1
Let l = -49 + 42. Let i(k) = 3 + 6*k**2 + 33*k - 36*k - 7*k**2. Determine i(l).
-25
Let q(v) = -2*v**2 + 2*v. Let f(y) = -11*y**2 + 12*y - 14. Let n(o) = -f(o) + 6*q(o). Give n(-9).
-67
Let f(q) = -14*q**3 - 11*q**2 + 5*q - 1. Let u(c) = 43*c**3 + 35*c**2 - 16*c + 3. Let h(b) = -19*f(b) - 6*u(b). Calculate h(-2).
-69
Let s(x) be the second derivative of 17*x**3/6 + 5*x**2/2 + 310*x - 5. Give s(-1).
-12
Let m(c) = 798*c**3 - 402*c**3 - 14*c**2 - 17 - 397*c**3 - 6*c - 2*c. Determine m(-14).
95
Let b(h) = 445*h - 3555. Let v be b(8). Let s(q) = 3*q**2 - 2*q - 1. Let i be s(-1). Let d(l) = 3*l**2 - 5*l + 2*l**2 - i*l**2. Determine d(v).
0
Let h = 4684 + -4682. Let u(v) = -v**3 + 2*v**2 + 7*v - 19. Calculate u(h).
-5
Suppose -i - 1 = -5*d + 3, 2*d + 2*i = 4. Let u be -2*3*d - 20/4. Let t(l) = l + 1. Calculate t(u).
-10
Let p = 151 + -155. Let y(u) be the second derivative of u**3/2 - 5*u**2/2 + 2*u + 23. Give y(p).
-17
Let d(l) = -l + 1. Let y(p) = -p + 4. Let c(i) = i - 4. Let w(t) = 6*c(t) + 5*y(t). Let o be w(8). Let j be ((-16)/o)/(6/(-9)). Determine d(j).
-5
Let h(a) = -1 + 3*a**2 + 0*a**2 - 2*a + 0*a**2. Suppose -3*v = -3*g, g - 3*g = 3*v - 20. Suppose 0 = -10*u - v + 24. Determine h(u).
7
Let o = 355 + -347. Let l(b) = 1. Let w(t) = -t + 1. Let v(n) = 4*l(n) + w(n). Determine v(o).
-3
Suppose 3*g - 5 = 3*t + 1, 0 = 4*t + g - 17. Suppose 10*c + 36 = 6*c - b, 0 = 2*c - t*b + 32. Let a(l) = l**2 + 11*l + 13. Determine a(c).
3
Let i(c) = -c**3 + 56*c**2 - 342*c - 47. Let t be i(49). Let s(y) = -3*y**3 + 3*y**2 - 4*y + 7. Calculate s(t).
-13
Let y(o) = 28 - 2 + 19*o - 15*o. Let c(f) = f**3 - 3*f**2 + 11*f - 39. Let k be c(3). What is y(k)?
2
Suppose -4*a + 3*o - 24 + 14 = 0, 5*a + 9 = 2*o. Let l(r) = -r**2 - 2*r - 1. Give l(a).
0
Let x(p) = 10*p - 419. Let n be x(43). Let y(d) = -3*d**2 - 19*d + 13. Let c(s) = 5*s**2 + 28*s - 19. Let t(g) = 5*c(g) + 8*y(g). What is t(n)?
-2
Let z(s) = -6*s - 15. Let d be z(-4). Let k be d*1 - 0/6. Let o(u) = -u + 2*u - 7 - k*u + 7*u. Give o(-10).
3
Let n(c) = -6*c + 14. Let g be n(2). Let r be ((-28)/8)/(((-7)/g)/7). Suppose -a + r = 5. Let l(j) = 2*j**3 - 4*j**2 + 3*j. Determine l(a).
6
Let k(c) = -2*c**2 + 4*c + 2. Suppose -193*w - 25 = -168*w. Determine k(w).
-4
Suppose 32*i + 182 = 45*i - 143. Let o(k) = -k**2 + 26*k + 36. Give o(i).
61
Let h(u) = u + 3. Let s(f) = -4*f + 78. Suppose 2*q + q = 60. Let n be s(q). Give h(n).
1
Let c(g) be the first derivative of -2*g**4 - 7*g**3/3 + g**2/2 - 11*g - 6. Let s(u) = 4*u**3 + 4*u**2 + 6. Let q(d) = -3*c(d) - 5*s(d). Calculate q(2).
33
Let o(m) be the second derivative of -m**6/80 - m**5/120 - m**4/3 - 5*m**2/2 + 11*m. Let v(p) be the third derivative of o(p). Determine v(4).
-37
Let a be 2/6 - 5950/714. Let y(z) = 6*z + 41. Calculate y(a).
-7
Let c(m) = -23*m**3 + 3 + 14*m**3 - 17*m**2 + 7*m**3 + 7 + 10*m. Let i(f) = f**3 + 8*f**2 - 5*f - 4. Let s(h) = 3*c(h) + 7*i(h). Determine s(-6).
-4
Let o(x) be the second derivative of 1/30*x**5 + 0*x**2 + 17*x - 11/3*x**3 - 1/8*x**4 + 0. Let p(s) be the second derivative of o(s). Determine p(2).
5
Let b(n) be the second derivative of -n**5/20 - n**4/12 + n**3/3 - n**2 + 2*n. Suppose s + 195 = 3*x + 194, -2*x + 12 = 5*s. What is b(s)?
-10
Let x be (2/4)/(-1 - 18/(-16)). Suppose x*a = -p + 9, a - 5 = p - 4. Let i(g) = 22*g**2 + 24*g**a - 45*g**2 - 3*g + 4. What is i(3)?
4
Let w(a) = -a**3 + 7*a**2 - 5*a + 7. Let x = -221 - -226. Let g(f) = 2*f - 4. Let s be g(x). What is w(s)?
13
Let g(b) be the second derivative of b**3/6 - b**2 - 153*b + 1. Let a(x) = x**3 - 7*x**2 + 8*x - 3. Let u be a(6). Suppose u*z = 4*z + 50. Calculate g(z).
8
Let g(c) = -2 - 7*c + 20*c - 10*c + 2*c**2. Let r be 36/90 + (-85)/25. Give g(r).
7
Let i(v) = -17*v + 154. Let w be (-1 - -2) + 10 + (18 - 19). Determine i(w).
-16
Suppose 0 = -4*g + 123 - 19. Suppose j + 3*j + 24 = -m, 2*j - 3*m + g = 0. Let h(l) be the third derivative of l**4/24 + 7*l**2. Determine h(j).
-7
Suppose -5*z - 5*x - 18 = -3*z, 2*x = -4. Let i(q) = q**3 + 5*q**2 + 5*q + 10. Determine i(z).
6
Suppose k - 5*n + 0*n = 46, 3*k - 2*n - 86 = 0. Suppose 0 = 97*a - 94*a + 66. Let i = k + a. Let q(y) = -4*y + 2. Determine q(i).
-14
Let m(u) = -51*u + 1369. Let n be m(27). Let c(k) = -k**2 - 9*k + 16. What is c(n)?
24
Let h(a) = a**3 - 14*a**2 - 15*a + 3. Let k be -5 + (-28)/(-2) + (-5)/(25/(-30)). Give h(k).
3
Let w(p) be the first derivative of -5*p**3/3 + 3*p**2 - 4*p + 53. Let d(f) = -f**2 + f - 1. Let a(l) = 3*d(l) - w(l). Calculate a(2).
3
Let a = 283 + 185. Suppose 4*n + a - 472 = 0. Let z(o) = o**2 - 3*o + 1. Give z(n).
-1
Let o(m) = 2*m - 20. Let r(t) = t - 8. Let d(z) = z - 13. Let k(s) = -2*d(s) + 3*r(s). Let h(g) = -k(g) + o(g). Calculate h(0).
-22
Suppose -h = -2*j + 9, 0 = -4*j - 0*h - h + 27. Suppose 2*l = 5*l + j, 4*l = -2*k + 2. Let f(s) = s**3 - 4*s**2 + 2*s + 4. What is f(k)?
39
Let d(f) = -4*f + 8. Let y = 3887 + -3892. Calculate d(y).
28
Suppose -3*u + 6*v - v - 31 = 0, 2*u - 11 = -3*v. Suppose 7*m = 11*m - 8. Let n(p) = -p**2 + p + 3*p - 3*p - 1 - m*p. What is n(u)?
-3
Let a(h) = -5 - 181768*h + 363501*h - 181771*h. What is a(0)?
-5
Let w(t) = 2*t + 6. Let b(x) = -x**3 + 4*x**2 + 6*x. Let u be b(5). Suppose -17 = 5*s + 2*m + 7, s - 6 = u*m. Determine w(s).
-2
Suppose -5*h + 358 = 288. Let y be 18/(-42) - (-62)/h. Let w(q) be the third derivative of q**5/60 - q**4/6 + q**3 - q**2. Calculate w(y).
6
Let z(i) = 147*i - 2 + i**2 - 147*i. Let a = -3364 + 3360. Give z(a).
14
Let r(d) = -3*d**2 + 2*d**2 - 32 + 2*d + 5*d**2 - 3*d**2. Let q be r(5). Let i(j) = -3*j + 0*j + 1 - q*j + 7*j. Give i(-1).
0
Let n(j) = -4*j**2 - 32*j**3 + 14459*j + 1 - 14463*j - 4*j**2 + 10*j**2. Give n(1).
-33
Let j(t) = 12*t**2 - 17*t - 14. Let b(q) = 12*q**2 - 21*q - 17. Let v(z) = -4*b(z) + 5*j(z). Give v(-1).
11
Suppose 0 = -2*d - m + 15, -5*d - 3*m + 4*m = -34. Let b(x) = -x + x - d*x + 3 + x**2. Suppose -2*i - 1 + 43 = 4*i. Calculate b(i).
3
Let o(l) = 35*l**3 + 18*l**2 - 84. Let k(v) = -19*v**3 - 9*v**2 + 45. Let y(c) = 11*k(c) + 6*o(c). Give y(-9).
-9
Let n(o) be the second derivative of o**4/24 - 2*o**3/3 + 3*o**2 + 11*o. Let k(q) be the first derivative of n(q). Let y = -508 + 505. What is k(y)?
-7
Let m(u) = -8*u - 59. Suppose 63*r + 320 = -121. Determine m(r).
-3
Let v(u) = -51 + 32 + u**3 + 5*u - 5*u**2 + 7 + 5. Determine v(2).
-9
Let l be (2 - -1)*(5945/123)/(-29). Let r(w) = -w**3 - 5*w**2 - 4*w - 21. What is r(l)?
-1
Sup